2*u + 19 = a + 93, 0 = -3*u + a + 113. Let r = u + -33. Let d be ((-2)/6)/((-6)/(223 + -7)). What is the greatest common factor of d and r?
6
Suppose 3*s + 84920 = 47*s. Calculate the greatest common divisor of 2509 and s.
193
Let d(m) = 205*m**2 - 57*m + 160. Let l be d(3). Calculate the highest common factor of l and 7598.
262
Suppose 0 = 4666*l - 4663*l - 666. What is the greatest common divisor of 962 and l?
74
Let z = 119 + 183. Let c = z - -498. What is the highest common factor of 8 and c?
8
Let y = 12293 + -12257. What is the greatest common divisor of 128 and y?
4
Let x(t) = -11. Let m(p) = 2*p - 3. Let f(c) = 21*m(c) - 3*x(c). Let z be f(1). Calculate the highest common factor of 192 and z.
12
Suppose -28*a + 10585 = -20*a + 1457. What is the highest common factor of 2608 and a?
163
Suppose 5*d - 13*v = -15*v + 15034, 5*d - 2*v - 15046 = 0. What is the greatest common factor of 47 and d?
47
Suppose 5*c - 116 = 64. Let m be -6 - 1*55/(-5). Suppose m*b - 112 = 338. Calculate the highest common divisor of b and c.
18
Suppose -9*a = -5*f - 6*a + 85, -f + 39 = -5*a. Suppose 1315 = f*s - 85. Calculate the greatest common factor of 25 and s.
25
Suppose x - 1 - 1 = 0. Suppose 2*r = -3*r + 3*q + 120, 52 = x*r - 2*q. Let i = -168 + 399. What is the greatest common divisor of r and i?
21
Let a = 7125 + -6321. Calculate the greatest common divisor of a and 4623.
201
Let u = 3452 + -500. What is the greatest common factor of 216 and u?
72
Let n be 15/35 - (-6 + (-19051)/7). What is the highest common factor of 496 and n?
248
Suppose 0 = -4*q + 2*f + 727 - 205, 257 = 2*q + 3*f. Calculate the greatest common divisor of q and 960.
10
Suppose 4*b + b = 1360. Let d(o) = -o**2 + 166*o + 1824. Let z be d(-10). What is the greatest common factor of b and z?
16
Let r(w) = -3*w**2 - 59 + 7*w - w**2 + 6*w**2 + 61. Let j be r(-6). Calculate the greatest common factor of 1 and j.
1
Let f be (-445)/15 - 2/(-3). Let k = f + 48. Let j = 41 - k. What is the greatest common divisor of j and 2?
2
Suppose 5*i + 20 = 2*w, -2 - 4 = 3*i. Suppose -6*o + 2*o + 4*t = -268, -345 = -5*o - w*t. What is the highest common factor of o and 170?
34
Let x(w) = -w**3 - 21*w**2 + 113*w + 13. Let a be x(-26). Calculate the highest common divisor of 595 and a.
35
Suppose -6*f + z + 1039 = 189, -f - 2*z = -133. What is the highest common factor of 5922 and f?
141
Suppose 0 = 5*y - 2*v - 144, 0 = 2*y + 3*v - 2 - 48. What is the greatest common factor of 1169 and y?
7
Let i be 3 - ((-10)/(-25))/((-3)/75). Let u = i + -21. Let v be u/(-100)*-5*(0 - 30). What is the greatest common divisor of v and 8?
4
Let o(t) = 2*t**3 - 13*t**2 + 7*t + 22. Let n = -948 - -956. Let s be o(n). What is the highest common factor of 60 and s?
30
Let j = -7548 + 7795. Calculate the greatest common divisor of 361 and j.
19
Suppose 3*o + 3*o - 342 = 0. Let z = 56 - o. Let r be (-2)/(-2) - (z + -2). Calculate the highest common factor of 32 and r.
4
Let m(j) = 166*j - 1638. Let y be m(10). Calculate the greatest common factor of y and 74.
2
Suppose -17*p + 19*p - 62 = 0. Let i(r) = r**2 - 9*r - 19. Let h = -10 + -5. Let z be i(h). Calculate the highest common factor of z and p.
31
Let h(p) = 2*p**3 - 23*p**2 + 18*p + 21. Let d be h(10). Let y be 1 + -2 + (125 - 7). Let k = d + y. Calculate the highest common factor of k and 144.
18
Let k be 58 - 0 - 3/(-3). Suppose 19 - k = -2*y. Let g be 13496/(-9158)*(-95)/2. Calculate the highest common factor of y and g.
10
Suppose -4*m = -n + 337, -15*n + m + 1647 = -10*n. Calculate the highest common divisor of 24017 and n.
329
Let c(v) = -703*v + 498. Let t be c(-4). Calculate the highest common factor of t and 5.
5
Suppose p + 3*s = -39, -p - 3*s + 231 = -5*p. Let i = p - -58. Suppose 229 = 5*j + z, i*z + 129 + 35 = 4*j. Calculate the highest common factor of j and 30.
15
Let k be 2*46 + -2 - -2. Let i = 263 - 256. Suppose -31 = -j - 5*u, -2*j - k = -i*j - 4*u. Calculate the greatest common divisor of 176 and j.
16
Let m be (24/10)/(-2)*(6 + (-14 - 2)). Suppose -f = -2*l - 310, -f + 2*f = 3*l + 315. What is the highest common divisor of m and f?
12
Suppose -3*r = 6*b - 11*b - 54, -5*b + 50 = 5*r. Let c = 740 - 441. What is the highest common factor of c and r?
13
Let r = 29400 - 29187. What is the highest common factor of 9727 and r?
71
Suppose -2*a + 23 = -61. Let p = 36 - a. Let b be (-2)/p - (624/9)/(-8). What is the greatest common divisor of b and 9?
9
Suppose 0 = 3*o + 2*z + 7, 0*z - 3 = 2*o + z. Let h = -459 + 363. Let c be (h/(-256))/((-14)/16 + 1). Calculate the greatest common factor of o and c.
1
Suppose -216*c + 320 = -211*c. What is the highest common divisor of 336 and c?
16
Suppose -1025 = -5*v + 280. Calculate the greatest common divisor of v and 551.
29
Suppose 36*r + 14010 = 45*r - 20568. What is the highest common factor of r and 34?
34
Suppose -5*m = -2*a - 1375, -30*a = -4*m - 34*a + 1100. Let h = 23 + -12. What is the greatest common factor of m and h?
11
Let i = 279 - 279. Let s be 418/7 - (i - 4/14). What is the highest common divisor of 36 and s?
12
Suppose c + 0*p + 6 = p, 0 = -4*c + 2*p - 20. Let a(s) = 2*s**2 - 10*s - 59. Let y be a(c). Calculate the greatest common divisor of 13 and y.
13
Suppose 0 = -8*w - 26 + 2. Let j be (w/(-12))/(((-14)/8)/(-7)). Let t be -2*j/4 + 170/4. What is the greatest common divisor of 6 and t?
6
Let i(c) = -c**3 - 3*c - 3. Let b be i(-1). Suppose -2*y - 2*v = -85 + b, -v + 168 = 4*y. What is the highest common divisor of 56 and y?
14
Suppose -b = 4*b - 95. Suppose -102*s = 301*s - 30628. Calculate the highest common factor of b and s.
19
Let f(m) = -m**3 - 42*m**2 - 195*m + 11. Let w be f(-38). What is the highest common divisor of w and 805?
35
Let j = -2264 + 2289. What is the greatest common factor of 8825 and j?
25
Let s(k) = 58*k + 5. Let n be s(5). Let a = -288 + n. Let i be (2/1)/(5/35). What is the highest common factor of i and a?
7
Let y = 62 + -58. Let k be 3/2 + 36/(-24). Suppose 5*d + y*f - 55 = 50, k = -d + 3*f + 21. Calculate the highest common factor of d and 168.
21
Suppose -12*m + 20530 + 3482 = 0. Calculate the highest common factor of m and 261.
87
Suppose 1 = 3*i - 2. Let j(m) = -m**3 - 17*m**2 - 7*m - 110. Let g be j(-17). Calculate the greatest common divisor of g and i.
1
Suppose -5*c - 2*n + 983 = 0, -417*n + 416*n = -4*c + 776. What is the highest common divisor of 2505 and c?
15
Let y = 3 + -6. Let c be 120 - (0 + (-9)/y). Let j = -32 - -41. Calculate the greatest common factor of c and j.
9
Suppose 3*p = 4*q + 12, -11*q - 4*p + 16 = -12*q. Suppose q = -2*i - 106 + 184. Let a be -45*(-2 + 21/(-9)). Calculate the highest common factor of i and a.
39
Let d be 5/(40/1794) - (11 + (-517)/44). Let r = 31 - 22. What is the greatest common divisor of d and r?
9
Let b = 490 + -280. Let q be ((-9)/27)/(1/(-63)). Calculate the greatest common factor of q and b.
21
Let x be (-108)/5*15/54*-6. What is the highest common factor of 5172 and x?
12
Let c(v) = v**3 - 9*v**2 - 120*v + 124. Let u be c(18). Calculate the greatest common factor of 99 and u.
11
Let n = -149 + 125. Let i be (-826)/(-3) + 2 + 56/n. Calculate the greatest common divisor of 25 and i.
25
Let k be (27/54)/(((-5)/(-795))/(4/6)). What is the greatest common divisor of k and 3763?
53
Let h = -137 + 673. Calculate the highest common factor of h and 6834.
134
Let x be ((-108)/30 + 2)/((-8)/(-20)). Let k be ((-66)/x + -1)/((-355)/(-710)). What is the highest common divisor of 713 and k?
31
Suppose -6*h + 3*i - 586 = -10*h, 3*h - 4*i = 452. Calculate the greatest common factor of h and 37.
37
Let q = -300 + 302. Let n be q*282 - 10*12/30. Calculate the highest common factor of 35 and n.
35
Suppose -2*h + 214 = 5*l, -4*h + 139 = 3*l + 5. What is the greatest common divisor of l and 3297?
21
Suppose -6*d - 1750 + 3240 = -2602. Calculate the highest common divisor of d and 22.
22
Suppose -3*t - 29 = -p - 0*p, -t + 65 = 2*p. Let d = -67 - -107. Calculate the highest common factor of d and p.
8
Suppose 75 = 5*s - 2*s. Let j be (76304/133 + 2/7)*1. Suppose -4*d + 634 - j = 0. What is the greatest common divisor of s and d?
5
Let y be (-6)/(30/25) + 347. Suppose -5*a + 208 + y = 0. What is the greatest common factor of a and 44?
22
Let o 